s divided by m?
1
Let b(q) = 3*q**2 + 16*q - 8. Calculate the remainder when 78 is divided by b(-7).
24
Let p(n) = -n**3 + 4*n**2 + 12*n + 10. Calculate the remainder when 21 is divided by p(6).
1
Suppose -b = 2*b - 3*y + 24, 3*b + 3 = -4*y. Let t(q) = -3*q - 1. What is the remainder when 26 is divided by t(b)?
12
Let m = 15 - 8. Let r(h) = h**2 - 2*h - 1. Let b be r(-1). Suppose -3*y = 5*d - 80, -y - d = -b*y + 16. Calculate the remainder when y is divided by m.
6
Suppose 5*v + 52 = 177. Calculate the remainder when v is divided by 9.
7
Suppose 5*m - 52 - 78 = 0. Calculate the remainder when 200/(-6)*(-33)/22 is divided by m.
24
Let j(q) = -q + 2. Let r be j(-1). Suppose -z + 105 = 5*c - 6*z, -r*c - 4*z + 49 = 0. Calculate the remainder when c is divided by ((-2)/2)/(2/(-14)).
5
Suppose 2*d - 3*r - 22 = 3, -45 = -4*d + 5*r. Suppose d*q = 285 - 85. Calculate the remainder when q is divided by 14.
12
Suppose 114 = 4*u - 38. What is the remainder when u is divided by 13?
12
Suppose 97 = 7*b - 2*b + h, 3*h - 25 = -b. Let w(t) = t**3 - 14*t**2 + 29*t - 6. What is the remainder when w(12) is divided by b?
16
Suppose 40 = -g + 5*g. Let w be (-7)/(21/(-522)) - 0. Suppose -4*c - 58 = -w. Calculate the remainder when c is divided by g.
9
Suppose 3*v + s = 307 + 9, -v = -3*s - 112. Calculate the remainder when v is divided by 22.
18
Suppose 2*g = -5 + 1, 0 = 5*m + g - 8. Suppose -3*s + m*s = 14. Let y = s - -26. Calculate the remainder when 33 is divided by y.
9
Suppose -15*q = -156 - 204. Calculate the remainder when 71 is divided by q.
23
Suppose -f + 3*f + 5*z - 31 = 0, 10 = 5*f - z. Calculate the remainder when 12 is divided by f.
0
Let a(w) = w**3 - 8*w**2 + 3*w - 11. Suppose -p - 4 = -3*p. Let k be 34/4 + (-1)/p. Calculate the remainder when a(k) is divided by 5.
3
Suppose 4*z + 13 = -3*l, -4*z - 20 = -l - 3. What is the remainder when 42 is divided by z + 2 + (15 - -2)?
12
Let k(c) = -2*c**3 + 25*c**2 - 10*c - 15. What is the remainder when (1 + 3/2)*14 is divided by k(12)?
8
Suppose -5*z + 9 = -86. Let r(y) = y + 12. Calculate the remainder when z is divided by r(-5).
5
Let z = -9 - -9. Suppose z*x + 18 = 3*x. What is the remainder when 16 is divided by x?
4
Let c(t) = -t**2 - 8*t + 13. Let a(k) = k**2 - 3*k - 5. What is the remainder when c(-8) is divided by a(5)?
3
Let f(m) = -m - 3. Calculate the remainder when (-20)/(-10) + (-6)/(-1) is divided by f(-6).
2
Suppose 2*b = -n + 33 + 16, -b = -3*n + 133. Let f(q) = -q**2 + 6*q + 7. What is the remainder when n is divided by f(5)?
9
Let y(k) = 4 + 4*k + 6 - 3 + k**2. Let x be y(-5). Calculate the remainder when 10 is divided by (-38)/(-6) - 4/x.
4
Suppose -136 = -4*j - 4*u, 4*j + 92 = 6*j - 4*u. What is the remainder when 147 is divided by j?
33
Let q be (-4)/10 + (-7)/(-5). What is the remainder when 53 is divided by 21 + 1 + q*-4?
17
Suppose 0*g + g = 5. Suppose j = -v - 3*v + 13, -g*j + 122 = v. Calculate the remainder when j is divided by 9.
7
Let s(x) = 18*x**3 + x. What is the remainder when s(1) is divided by 5?
4
Let o(z) = -z**3 + 11*z**2 + 8*z + 17. Let q be o(12). Let p = q - -47. Calculate the remainder when 59 is divided by p.
11
Suppose 0 = -2*n - 3*c + 22, -2*c + 17 = n + c. Let u = -1 + n. Suppose 2*h - 42 = 4*y, u*h + 0*y = -5*y + 45. Calculate the remainder when h is divided by 8.
7
Let h = -178 + 217. Calculate the remainder when h is divided by 9.
3
Let k = 52 + -34. Let m = k - 9. Let p = 8 + 8. What is the remainder when p is divided by m?
7
Let x(b) = 4*b + 13. Let f be x(-12). Let n = 87 + f. Calculate the remainder when n is divided by 14.
10
Let k = -11 + -2. Let o = k + 16. Calculate the remainder when o is divided by 1.
0
What is the remainder when 10 is divided by ((-4)/3)/(12/(-54))?
4
Let a be (2 + -8 + 2)/1. Let s = 5 - a. Suppose p + 2*p - s = 0. Calculate the remainder when 5 is divided by p.
2
Suppose n + 9 = 6. Calculate the remainder when (42 - n) + (-2 - 1) is divided by 11.
9
Suppose -78 = -5*x + 27. What is the remainder when x is divided by 12?
9
Suppose 2*i - 19 - 3 = 0. Suppose 4*r - 72 = 2*r - 4*j, 5*j - 129 = -4*r. What is the remainder when r is divided by i - 9/((-9)/3)?
12
Suppose -31 = -2*b - 3*u, 2*u + 43 = b - 2*u. Suppose 2*m = -3*k - 0*m + 23, -5*m - b = -4*k. What is the remainder when 20 is divided by k?
6
What is the remainder when (-4)/22 + 1200/66 is divided by 7?
4
Let b(q) = -3*q - 28. Calculate the remainder when b(-22) is divided by 14.
10
Let t(h) = 8*h. Let q = 124 - 80. Calculate the remainder when (q/(-6))/(8/(-24)) is divided by t(1).
6
Let p = 10 + -10. Suppose 4*b - 16 + p = 2*h, 2*b - 4*h = 20. What is the remainder when 30 is divided by (-2)/6*b*-24?
14
Let f(q) = q**2 - 4*q - 1. Let n be (3 - 15/(-3))/1. Suppose 4*t - 4*j - 56 = -2*j, 0 = -t - 5*j + 36. What is the remainder when f(n) is divided by t?
15
What is the remainder when 20 is divided by 4 + 6 + 4 - 3?
9
Let g(i) = i**3 - 3*i**2 - i - 3. Let z be g(4). What is the remainder when 9 is divided by (z - 0)/((-3)/(-2))?
3
Let n(k) = -k + 13. Let j = -11 + 48. What is the remainder when j is divided by n(0)?
11
Suppose 3*d - 80 = -5*u, -5*d - 32 - 12 = -u. What is the remainder when u is divided by 7?
5
Calculate the remainder when (-996)/18*2/(8/(-6)) is divided by 28.
27
Let w(f) = -2*f + 6. Let y be w(6). Let b = y + 9. Suppose -b*g + 4*g - 5*t = -17, 2*g + 2*t - 14 = 0. Calculate the remainder when 4 is divided by g.
1
Let g be 1*4/((-8)/(-6)). Suppose 0 = -5*k - 63 + g. Calculate the remainder when 26 is divided by (-111)/k + 1/(-4).
8
Let u(m) be the third derivative of -m**4/6 - 7*m**3/6 + 2*m**2. What is the remainder when u(-10) is divided by 17?
16
Let q(z) be the second derivative of -z**3/3 - 5*z**2/2 + 6*z. What is the remainder when q(-9) is divided by 8?
5
Let t(i) = -i**3 - 5*i**2 + 3*i - 4. Let v be t(-6). Suppose v = -f + 3*f. Calculate the remainder when (13/2)/((-1)/(-2)) is divided by f.
6
Let y = -100 + 120. What is the remainder when 75 is divided by y?
15
Suppose 0*c = -c + 21. Let m = 38 - c. What is the remainder when m is divided by (-3 + 0/5)*-3?
8
Let u(m) = 2*m**2 - 15*m + 22. Calculate the remainder when 15 is divided by u(6).
3
Calculate the remainder when 37 - (0 - 2)*2 is divided by 11.
8
Suppose -7 = -2*i - 3*t, 5*i = -t + 10 + 27. Suppose i*a = 3*a + 30. Calculate the remainder when a is divided by 4.
2
Let v be 4/18 + 2/(-9). Suppose -3*h + h + 2*z + 10 = v, -4*h + 12 = 4*z. Suppose -33 + 5 = -h*p. Calculate the remainder when 20 is divided by p.
6
Let o(s) = s**3 - 7*s**2 + 7*s - 5. Let a be o(6). Calculate the remainder when 25 is divided by a/(-3) - 112/(-12).
7
Suppose 3*h - h - 11 = -3*u, 0 = 2*u + h - 7. Suppose 0*w + u*w + 51 = 3*t, 4*t - 73 = -w. What is the remainder when 35 is divided by t?
17
Let m = 107 + -36. Calculate the remainder when m is divided by 18.
17
Let s(a) = 0*a**3 + 4*a + 3*a - 3 - a**3 + 4*a**2. Let f = 6 + 14. What is the remainder when f is divided by s(5)?
6
Let p = 21 + -15. Let i be (9/(-6))/(3/p). What is the remainder when 26 is divided by (8/i - -2)*-21?
12
Suppose 0 = 3*q + 2*q + 4*l - 574, 5*q - 610 = 5*l. What is the remainder when (-12 + 14)/(4/q) is divided by 15?
14
Let r = 16 + -14. Suppose 5*t + 40 = 5*m, -r*t + 0*t = -4*m + 40. Calculate the remainder when 21 is divided by m.
9
Let s be (-815)/25 - (-2)/(-5). Let w = s + 79. Calculate the remainder when w is divided by 16.
14
Suppose -4*s + 169 - 33 = 0. Let i(k) = k**3 + 4*k**2 + k + 7. Let n be i(-5). Let o = n + s. What is the remainder when o is divided by 6?
5
Let a(x) = x**2 - 6*x - 8. Let z be a(7). Let c be 8 - (z*2)/2. Suppose 4*w - c = w. Calculate the remainder when w is divided by 2.
1
Let x(c) = -c**2 + 7*c - 3. Suppose 0 = -4*a + 67 + 37. Suppose -5*g = 2*t - a, -3*g + 9 = 5*t - 18. What is the remainder when x(5) is divided by t?
1
Suppose 5*s + 0 = 5. Calculate the remainder when s - (-28 + (-3)/(-1)) is divided by 7.
5
Suppose -5*s = -0*s - 120. What is the remainder when 71 is divided by s?
23
Let m(l) = l**2 + 4*l + 7. Calculate the remainder when 56 is divided by m(-6).
18
Let l = 88 + -22. What is the remainder when l is divided by 17?
15
Let x(h) = 4 - 3 + 13 - 2 - h. Calculate the remainder when 13 is divided by x